{"id":190,"date":"2023-06-28T12:28:07","date_gmt":"2023-06-28T12:28:07","guid":{"rendered":"https:\/\/www.mediho.me\/?page_id=190"},"modified":"2024-11-01T15:16:42","modified_gmt":"2024-11-01T15:16:42","slug":"service-desk","status":"publish","type":"page","link":"https:\/\/www.mediho.me\/?page_id=190","title":{"rendered":"Service desk"},"content":{"rendered":"\n<p>Pouze pro registrovan\u00e9 z\u00e1kazn\u00edky Service desku Medihome s.r.o.<\/p>\n\n\n\n<div class=\"wp-block-buttons is-layout-flex wp-block-buttons-is-layout-flex\">\n<div class=\"wp-block-button\"><a class=\"wp-block-button__link wp-element-button\" href=\"https:\/\/mediho-me.atlassian.net\/servicedesk\/customer\/portals\">P\u0159ihl\u00e1\u0161en\u00ed<\/a><\/div>\n<\/div>\n\n\n\n<p><\/p>\n","protected":false},"excerpt":{"rendered":"<p>Pouze pro registrovan\u00e9 z\u00e1kazn\u00edky Service desku Medihome s.r.o.<\/p>\n","protected":false},"author":1,"featured_media":0,"parent":0,"menu_order":0,"comment_status":"closed","ping_status":"closed","template":"","meta":{"footnotes":""},"class_list":["post-190","page","type-page","status-publish","hentry"],"_links":{"self":[{"href":"https:\/\/www.mediho.me\/index.php?rest_route=\/wp\/v2\/pages\/190","targetHints":{"allow":["GET"]}}],"collection":[{"href":"https:\/\/www.mediho.me\/index.php?rest_route=\/wp\/v2\/pages"}],"about":[{"href":"https:\/\/www.mediho.me\/index.php?rest_route=\/wp\/v2\/types\/page"}],"author":[{"embeddable":true,"href":"https:\/\/www.mediho.me\/index.php?rest_route=\/wp\/v2\/users\/1"}],"replies":[{"embeddable":true,"href":"https:\/\/www.mediho.me\/index.php?rest_route=%2Fwp%2Fv2%2Fcomments&post=190"}],"version-history":[{"count":3,"href":"https:\/\/www.mediho.me\/index.php?rest_route=\/wp\/v2\/pages\/190\/revisions"}],"predecessor-version":[{"id":223,"href":"https:\/\/www.mediho.me\/index.php?rest_route=\/wp\/v2\/pages\/190\/revisions\/223"}],"wp:attachment":[{"href":"https:\/\/www.mediho.me\/index.php?rest_route=%2Fwp%2Fv2%2Fmedia&parent=190"}],"curies":[{"name":"wp","href":"https:\/\/api.w.org\/{rel}","templated":true}]}}